{"id":57,"date":"2010-03-30T22:24:01","date_gmt":"2010-03-31T01:24:01","guid":{"rendered":"http:\/\/www.olapdomain.com\/clients\/capemvel\/cms\/?page_id=57"},"modified":"2010-06-08T15:47:37","modified_gmt":"2010-06-08T18:47:37","slug":"seguridad","status":"publish","type":"page","link":"https:\/\/capemvel.org.ar\/?page_id=57","title":{"rendered":"Seguridad"},"content":{"rendered":"<p id=\"top\" \/>\n<table style=\"width:600px\">\n<tr>\n<td>\nLa <strong>Administraci\u00f3n Nacional de Medicamentos Alimentos y Tecnolog\u00eda M\u00e9dica<\/strong> \u2013ANMAT-desarrolla un programa de vigilancia permanente de los medicamentos que se encuentran al acceso de la poblaci\u00f3n.<br \/>\nPara ello pone a disposici\u00f3n un formulario a trav\u00e9s del cual las personas pueden notificar cualquiera de las siguientes circunstancias:<br \/>\n&#8211; Reacciones adversas (aunque sean frecuentes o ya conocidas)<br \/>\n&#8211; Ausencia de efecto del medicamento o falta de calidad del mismo<br \/>\n&#8211; Modificaciones en el aspecto f\u00edsico del medicamento (color, tama\u00f1o, formato, envase, etc.)<br \/>\n&#8211; Sospecha de medicamentos ileg\u00edtimos, adulterados, etc.<br \/>\nPara notificar cualquiera de estos sucesos u otros que llamen la atenci\u00f3n a la ANMAT, s\u00f3lo es necesario completar y enviar el siguiente <span class=\"nice_link\" style=\"vertical-align:top\"><a href=\"http:\/\/www.anmat.gov.ar\/aplicaciones_net\/applications\/fvg\/eventos_adversos_externos\/contfor.html\">formulario<\/a><\/span>.<br \/>\nNo es excluyente que la notificaci\u00f3n sea realizada por un profesional de la salud. El <strong>procedimiento puede ser realizado en forma an\u00f3nima y por cualquier individuo.<\/strong><br \/>\nLa ANMAT pone a disposici\u00f3n tambi\u00e9n el siguiente <span class=\"nice_link\" style=\"vertical-align:top\"><a href=\"http:\/\/www.anmat.gov.ar\/farmaco\/Instructivo_para_la_notificacion.pdf\">instructivo<\/a><\/span> para completar la notificaci\u00f3n.\n<\/td>\n<\/tr>\n<\/table>\n","protected":false},"excerpt":{"rendered":"<p>La Administraci\u00f3n Nacional de Medicamentos Alimentos y Tecnolog\u00eda M\u00e9dica \u2013ANMAT-desarrolla un programa de vigilancia permanente de los medicamentos que se encuentran al acceso de la poblaci\u00f3n. Para ello pone a disposici\u00f3n un formulario a trav\u00e9s del cual las personas pueden notificar cualquiera de las siguientes circunstancias: &#8211; Reacciones adversas (aunque sean frecuentes o ya conocidas)&nbsp;&nbsp;<a href=\"https:\/\/capemvel.org.ar\/?page_id=57\">m&aacute;s &raquo;<\/a><\/p>\n","protected":false},"author":1,"featured_media":0,"parent":53,"menu_order":0,"comment_status":"closed","ping_status":"closed","template":"","meta":{"footnotes":""},"class_list":["post-57","page","type-page","status-publish","hentry"],"_links":{"self":[{"href":"https:\/\/capemvel.org.ar\/index.php?rest_route=\/wp\/v2\/pages\/57","targetHints":{"allow":["GET"]}}],"collection":[{"href":"https:\/\/capemvel.org.ar\/index.php?rest_route=\/wp\/v2\/pages"}],"about":[{"href":"https:\/\/capemvel.org.ar\/index.php?rest_route=\/wp\/v2\/types\/page"}],"author":[{"embeddable":true,"href":"https:\/\/capemvel.org.ar\/index.php?rest_route=\/wp\/v2\/users\/1"}],"replies":[{"embeddable":true,"href":"https:\/\/capemvel.org.ar\/index.php?rest_route=%2Fwp%2Fv2%2Fcomments&post=57"}],"version-history":[{"count":9,"href":"https:\/\/capemvel.org.ar\/index.php?rest_route=\/wp\/v2\/pages\/57\/revisions"}],"predecessor-version":[{"id":387,"href":"https:\/\/capemvel.org.ar\/index.php?rest_route=\/wp\/v2\/pages\/57\/revisions\/387"}],"up":[{"embeddable":true,"href":"https:\/\/capemvel.org.ar\/index.php?rest_route=\/wp\/v2\/pages\/53"}],"wp:attachment":[{"href":"https:\/\/capemvel.org.ar\/index.php?rest_route=%2Fwp%2Fv2%2Fmedia&parent=57"}],"curies":[{"name":"wp","href":"https:\/\/api.w.org\/{rel}","templated":true}]}}